[INFO] cloning repository https://github.com/ken-c/asdf
[INFO] running `Command { std: "git" "-c" "credential.helper=" "-c" "credential.helper=/workspace/cargo-home/bin/git-credential-null" "clone" "--bare" "https://github.com/ken-c/asdf" "/workspace/cache/git-repos/https%3A%2F%2Fgithub.com%2Fken-c%2Fasdf", kill_on_drop: false }`
[INFO] [stderr] Cloning into bare repository '/workspace/cache/git-repos/https%3A%2F%2Fgithub.com%2Fken-c%2Fasdf'...
[INFO] running `Command { std: "git" "rev-parse" "HEAD", kill_on_drop: false }`
[INFO] [stdout] 5dd36552095725e3e37db3379e382b7478aba7cd
[INFO] checking ken-c/asdf against master#af3c6e733a40e671550e0f0f5aeecaa13772ba56 for pr-74989
[INFO] running `Command { std: "git" "clone" "/workspace/cache/git-repos/https%3A%2F%2Fgithub.com%2Fken-c%2Fasdf" "/workspace/builds/worker-10/source", kill_on_drop: false }`
[INFO] [stderr] Cloning into '/workspace/builds/worker-10/source'...
[INFO] [stderr] done.
[INFO] validating manifest of git repo https://github.com/ken-c/asdf on toolchain af3c6e733a40e671550e0f0f5aeecaa13772ba56
[INFO] running `Command { std: "/workspace/cargo-home/bin/cargo" "+af3c6e733a40e671550e0f0f5aeecaa13772ba56" "read-manifest" "--manifest-path" "Cargo.toml", kill_on_drop: false }`
[INFO] started tweaking git repo https://github.com/ken-c/asdf
[INFO] finished tweaking git repo https://github.com/ken-c/asdf
[INFO] tweaked toml for git repo https://github.com/ken-c/asdf written to /workspace/builds/worker-10/source/Cargo.toml
[INFO] crate git repo https://github.com/ken-c/asdf already has a lockfile, it will not be regenerated
[INFO] running `Command { std: "/workspace/cargo-home/bin/cargo" "+af3c6e733a40e671550e0f0f5aeecaa13772ba56" "fetch" "--locked" "--manifest-path" "Cargo.toml", kill_on_drop: false }`
[INFO] [stderr] error: the lock file /workspace/builds/worker-10/source/Cargo.lock needs to be updated but --locked was passed to prevent this
[INFO] [stderr] If you want to try to generate the lock file without accessing the network, use the --offline flag.
[INFO] the lockfile is outdated, regenerating it
[INFO] running `Command { std: "/workspace/cargo-home/bin/cargo" "+af3c6e733a40e671550e0f0f5aeecaa13772ba56" "generate-lockfile" "--manifest-path" "Cargo.toml" "-Zno-index-update", kill_on_drop: false }`
[INFO] [stderr]     Blocking waiting for file lock on package cache
[INFO] running `Command { std: "/workspace/cargo-home/bin/cargo" "+af3c6e733a40e671550e0f0f5aeecaa13772ba56" "fetch" "--locked" "--manifest-path" "Cargo.toml", kill_on_drop: false }`
[INFO] [stderr]     Blocking waiting for file lock on package cache
[INFO] running `Command { std: "docker" "create" "-v" "/var/lib/crater-agent-workspace/builds/worker-10/target:/opt/rustwide/target:rw,Z" "-v" "/var/lib/crater-agent-workspace/builds/worker-10/source:/opt/rustwide/workdir:ro,Z" "-v" "/var/lib/crater-agent-workspace/cargo-home:/opt/rustwide/cargo-home:ro,Z" "-v" "/var/lib/crater-agent-workspace/rustup-home:/opt/rustwide/rustup-home:ro,Z" "-e" "SOURCE_DIR=/opt/rustwide/workdir" "-e" "CARGO_TARGET_DIR=/opt/rustwide/target" "-e" "CARGO_HOME=/opt/rustwide/cargo-home" "-e" "RUSTUP_HOME=/opt/rustwide/rustup-home" "-w" "/opt/rustwide/workdir" "-m" "1610612736" "--user" "0:0" "--network" "none" "rustops/crates-build-env@sha256:d92eaeed33fa75130ca1ee6c8a01d1ffb62bac859dfdfb3450e3e5d1c0146529" "/opt/rustwide/cargo-home/bin/cargo" "+af3c6e733a40e671550e0f0f5aeecaa13772ba56" "metadata" "--no-deps" "--format-version=1", kill_on_drop: false }`
[INFO] [stdout] 230fde888e7be1ecd0f3f9993fcaa31d495f4179410cc491931873553fa09506
[INFO] [stderr] WARNING: Your kernel does not support swap limit capabilities or the cgroup is not mounted. Memory limited without swap.
[INFO] running `Command { std: "docker" "start" "-a" "230fde888e7be1ecd0f3f9993fcaa31d495f4179410cc491931873553fa09506", kill_on_drop: false }`
[INFO] running `Command { std: "docker" "inspect" "230fde888e7be1ecd0f3f9993fcaa31d495f4179410cc491931873553fa09506", kill_on_drop: false }`
[INFO] running `Command { std: "docker" "rm" "-f" "230fde888e7be1ecd0f3f9993fcaa31d495f4179410cc491931873553fa09506", kill_on_drop: false }`
[INFO] [stdout] 230fde888e7be1ecd0f3f9993fcaa31d495f4179410cc491931873553fa09506
[INFO] running `Command { std: "docker" "create" "-v" "/var/lib/crater-agent-workspace/builds/worker-10/target:/opt/rustwide/target:rw,Z" "-v" "/var/lib/crater-agent-workspace/builds/worker-10/source:/opt/rustwide/workdir:ro,Z" "-v" "/var/lib/crater-agent-workspace/cargo-home:/opt/rustwide/cargo-home:ro,Z" "-v" "/var/lib/crater-agent-workspace/rustup-home:/opt/rustwide/rustup-home:ro,Z" "-e" "SOURCE_DIR=/opt/rustwide/workdir" "-e" "CARGO_TARGET_DIR=/opt/rustwide/target" "-e" "CARGO_INCREMENTAL=0" "-e" "RUST_BACKTRACE=full" "-e" "RUSTFLAGS=--cap-lints=forbid" "-e" "CARGO_HOME=/opt/rustwide/cargo-home" "-e" "RUSTUP_HOME=/opt/rustwide/rustup-home" "-w" "/opt/rustwide/workdir" "-m" "1610612736" "--user" "0:0" "--network" "none" "rustops/crates-build-env@sha256:d92eaeed33fa75130ca1ee6c8a01d1ffb62bac859dfdfb3450e3e5d1c0146529" "/opt/rustwide/cargo-home/bin/cargo" "+af3c6e733a40e671550e0f0f5aeecaa13772ba56" "check" "--frozen" "--all" "--all-targets" "--message-format=json", kill_on_drop: false }`
[INFO] [stdout] 081d6b0929e8488bde3d4f9f3f3c72b41641263d65803e2f56087cdae3bbed5a
[INFO] [stderr] WARNING: Your kernel does not support swap limit capabilities or the cgroup is not mounted. Memory limited without swap.
[INFO] running `Command { std: "docker" "start" "-a" "081d6b0929e8488bde3d4f9f3f3c72b41641263d65803e2f56087cdae3bbed5a", kill_on_drop: false }`
[INFO] [stderr]     Blocking waiting for file lock on package cache
[INFO] [stderr]    Compiling autocfg v1.0.1
[INFO] [stderr]     Checking cfg-if v0.1.10
[INFO] [stderr]    Compiling xml-rs v0.8.3
[INFO] [stderr]    Compiling bitflags v1.2.1
[INFO] [stderr]     Checking lazy_static v1.4.0
[INFO] [stderr]    Compiling maybe-uninit v2.0.0
[INFO] [stderr]    Compiling byteorder v1.3.4
[INFO] [stderr]    Compiling proc-macro2 v0.4.30
[INFO] [stderr]    Compiling unicode-xid v0.1.0
[INFO] [stderr]     Checking scopeguard v1.1.0
[INFO] [stderr]    Compiling semver-parser v0.7.0
[INFO] [stderr]    Compiling unicode-xid v0.2.1
[INFO] [stderr]     Checking piston-float v1.0.0
[INFO] [stderr]    Compiling nix v0.14.1
[INFO] [stderr]     Checking void v1.0.2
[INFO] [stderr]    Compiling rayon-core v1.8.0
[INFO] [stderr]    Compiling serde v1.0.116
[INFO] [stderr]    Compiling pkg-config v0.3.18
[INFO] [stderr]     Checking piston-graphics_api_version v1.0.0
[INFO] [stderr]    Compiling crc32fast v1.2.0
[INFO] [stderr]     Checking either v1.6.0
[INFO] [stderr]    Compiling cc v1.0.59
[INFO] [stderr]     Checking xdg v2.2.0
[INFO] [stderr]     Checking lzw v0.10.0
[INFO] [stderr]     Checking color_quant v1.0.1
[INFO] [stderr]     Checking scoped_threadpool v0.1.9
[INFO] [stderr]     Checking bytemuck v1.4.1
[INFO] [stderr]     Checking piston-texture v0.8.0
[INFO] [stderr]     Checking percent-encoding v2.1.0
[INFO] [stderr]     Checking read_color v1.0.0
[INFO] [stderr]     Checking interpolation v0.2.0
[INFO] [stderr]     Checking piston-shaders_graphics2d v0.3.1
[INFO] [stderr]    Compiling khronos_api v3.1.0
[INFO] [stderr]     Checking miniz_oxide v0.3.7
[INFO] [stderr]     Checking piston-viewport v1.0.0
[INFO] [stderr]     Checking vecmath v1.0.0
[INFO] [stderr]     Checking lock_api v0.3.4
[INFO] [stderr]    Compiling semver v0.9.0
[INFO] [stderr]     Checking shader_version v0.7.0
[INFO] [stderr]     Checking gif v0.10.3
[INFO] [stderr]     Checking libloading v0.6.3
[INFO] [stderr]    Compiling log v0.4.11
[INFO] [stderr]    Compiling proc-macro2 v1.0.21
[INFO] [stderr]    Compiling num-traits v0.2.12
[INFO] [stderr]    Compiling crossbeam-utils v0.7.2
[INFO] [stderr]    Compiling memoffset v0.5.5
[INFO] [stderr]    Compiling crossbeam-epoch v0.8.2
[INFO] [stderr]    Compiling num-integer v0.1.43
[INFO] [stderr]    Compiling rayon v1.4.0
[INFO] [stderr]    Compiling num-iter v0.1.41
[INFO] [stderr]    Compiling num-rational v0.3.0
[INFO] [stderr]     Checking memmap v0.7.0
[INFO] [stderr]     Checking raw-window-handle v0.3.3
[INFO] [stderr]     Checking shared_library v0.1.9
[INFO] [stderr]     Checking smallvec v0.6.13
[INFO] [stderr]     Checking dlib v0.4.2
[INFO] [stderr]     Checking draw_state v0.8.0
[INFO] [stderr]    Compiling rustc_version v0.2.3
[INFO] [stderr]    Compiling gl_generator v0.14.0
[INFO] [stderr]    Compiling gl_generator v0.10.0
[INFO] [stderr]    Compiling x11-dl v2.18.5
[INFO] [stderr]     Checking wayland-sys v0.21.13
[INFO] [stderr]     Checking osmesa-sys v0.1.2
[INFO] [stderr]    Compiling quote v1.0.7
[INFO] [stderr]     Checking stb_truetype v0.3.1
[INFO] [stderr]     Checking deflate v0.8.6
[INFO] [stderr]     Checking tiff v0.5.0
[INFO] [stderr]    Compiling quote v0.6.13
[INFO] [stderr]     Checking gfx_core v0.9.2
[INFO] [stderr]    Compiling parking_lot_core v0.6.2
[INFO] [stderr]    Compiling parking_lot v0.9.0
[INFO] [stderr]    Compiling wayland-scanner v0.21.13
[INFO] [stderr]    Compiling syn v1.0.41
[INFO] [stderr]     Checking crossbeam-channel v0.4.4
[INFO] [stderr]     Checking png v0.16.7
[INFO] [stderr]    Compiling libloading v0.5.2
[INFO] [stderr]     Checking crossbeam-deque v0.7.3
[INFO] [stderr]     Checking ordered-float v1.1.0
[INFO] [stderr]     Checking approx v0.3.2
[INFO] [stderr]     Checking line_drawing v0.7.0
[INFO] [stderr]    Compiling gl v0.11.0
[INFO] [stderr]    Compiling glutin_glx_sys v0.1.7
[INFO] [stderr]    Compiling glutin_egl_sys v0.1.5
[INFO] [stderr]    Compiling gfx_gl v0.6.1
[INFO] [stderr]     Checking rusttype v0.8.3
[INFO] [stderr]     Checking rusttype v0.7.9
[INFO] [stderr]     Checking piston2d-graphics v0.37.0
[INFO] [stderr]     Checking andrew v0.2.1
[INFO] [stderr]    Compiling wayland-client v0.21.13
[INFO] [stderr]    Compiling wayland-protocols v0.21.13
[INFO] [stderr]     Checking gfx v0.18.2
[INFO] [stderr]     Checking wayland-commons v0.21.13
[INFO] [stderr]    Compiling serde_derive v1.0.116
[INFO] [stderr]     Checking jpeg-decoder v0.1.20
[INFO] [stderr]     Checking image v0.23.9
[INFO] [stderr]     Checking gfx_device_gl v0.16.2
[INFO] [stderr]     Checking piston-gfx_texture v0.41.0
[INFO] [stderr]     Checking piston2d-gfx_graphics v0.70.0
[INFO] [stderr]     Checking smithay-client-toolkit v0.4.6
[INFO] [stderr]     Checking pistoncore-input v1.0.0
[INFO] [stderr]     Checking winit v0.19.5
[INFO] [stderr]     Checking pistoncore-window v0.47.0
[INFO] [stderr]     Checking pistoncore-event_loop v0.52.0
[INFO] [stderr]     Checking piston v0.52.0
[INFO] [stderr]     Checking glutin v0.21.2
[INFO] [stderr]     Checking pistoncore-glutin_window v0.66.0
[INFO] [stderr]     Checking piston_window v0.112.0
[INFO] [stderr]     Checking asdf v0.0.1 (/opt/rustwide/workdir)
[INFO] [stdout] error[E0061]: this function takes 2 arguments but 1 argument was supplied
[INFO] [stdout]   --> src/main.rs:36:11
[INFO] [stdout]    |
[INFO] [stdout] 36 |           e.draw_2d(|c, g| {
[INFO] [stdout]    |  ___________^^^^^^^_-
[INFO] [stdout]    | |           |
[INFO] [stdout]    | |           expected 2 arguments
[INFO] [stdout] 37 | |             // background to black
[INFO] [stdout] 38 | |             clear([0.0; 4], g);
[INFO] [stdout] 39 | |
[INFO] [stdout] ...  |
[INFO] [stdout] 42 | |             self.player.render(g, center);
[INFO] [stdout] 43 | |         });
[INFO] [stdout]    | |_________- supplied 1 argument
[INFO] [stdout] 
[INFO] [stdout] 
[INFO] [stdout] error[E0061]: this function takes 2 arguments but 1 argument was supplied
[INFO] [stdout]   --> src/main.rs:36:11
[INFO] [stdout]    |
[INFO] [stdout] 36 |           e.draw_2d(|c, g| {
[INFO] [stdout]    |  ___________^^^^^^^_-
[INFO] [stdout]    | |           |
[INFO] [stdout]    | |           expected 2 arguments
[INFO] [stdout] 37 | |             // background to black
[INFO] [stdout] 38 | |             clear([0.0; 4], g);
[INFO] [stdout] 39 | |
[INFO] [stdout] ...  |
[INFO] [stdout] 42 | |             self.player.render(g, center);
[INFO] [stdout] 43 | |         });
[INFO] [stdout]    | |_________- supplied 1 argument
[INFO] [stdout] 
[INFO] [stdout] 
[INFO] [stdout] error[E0609]: no field `width` on type `piston_window::RenderArgs`
[INFO] [stdout]   --> src/main.rs:41:22
[INFO] [stdout]    |
[INFO] [stdout] 41 |                 (ren.width/2) as f64, (ren.height/2) as f64);
[INFO] [stdout]    |                      ^^^^^ unknown field
[INFO] [stdout]    |
[INFO] [stdout]    = note: available fields are: `ext_dt`, `window_size`, `draw_size`
[INFO] [stdout] 
[INFO] [stdout] 
[INFO] [stdout] error[E0609]: no field `width` on type `piston_window::RenderArgs`
[INFO] [stdout]   --> src/main.rs:41:22
[INFO] [stdout]    |
[INFO] [stdout] 41 |                 (ren.width/2) as f64, (ren.height/2) as f64);
[INFO] [stdout]    |                      ^^^^^ unknown field
[INFO] [stdout]    |
[INFO] [stdout]    = note: available fields are: `ext_dt`, `window_size`, `draw_size`
[INFO] [stdout] 
[INFO] [stdout] 
[INFO] [stdout] error[E0609]: no field `height` on type `piston_window::RenderArgs`
[INFO] [stdout]   --> src/main.rs:41:44
[INFO] [stdout]    |
[INFO] [stdout] 41 |                 (ren.width/2) as f64, (ren.height/2) as f64);
[INFO] [stdout]    |                                            ^^^^^^ unknown field
[INFO] [stdout]    |
[INFO] [stdout]    = note: available fields are: `ext_dt`, `window_size`, `draw_size`
[INFO] [stdout] 
[INFO] [stdout] 
[INFO] [stdout] error[E0609]: no field `height` on type `piston_window::RenderArgs`
[INFO] [stdout]   --> src/main.rs:41:44
[INFO] [stdout]    |
[INFO] [stdout] 41 |                 (ren.width/2) as f64, (ren.height/2) as f64);
[INFO] [stdout]    |                                            ^^^^^^ unknown field
[INFO] [stdout]    |
[INFO] [stdout]    = note: available fields are: `ext_dt`, `window_size`, `draw_size`
[INFO] [stdout] 
[INFO] [stdout] 
[INFO] [stdout] error[E0599]: no variant or associated item named `Press` found for enum `piston_window::Input` in the current scope
[INFO] [stdout]   --> src/main.rs:47:20
[INFO] [stdout]    |
[INFO] [stdout] 47 |             Input::Press(b) => {
[INFO] [stdout]    |                    ^^^^^ variant or associated item not found in `piston_window::Input`
[INFO] [stdout] 
[INFO] [stdout] 
[INFO] [stdout] error[E0599]: no variant or associated item named `Release` found for enum `piston_window::Input` in the current scope
[INFO] [stdout]   --> src/main.rs:56:20
[INFO] [stdout]    |
[INFO] [stdout] 56 |             Input::Release(b) => {
[INFO] [stdout]    |                    ^^^^^^^ variant or associated item not found in `piston_window::Input`
[INFO] [stdout] 
[INFO] [stdout] 
[INFO] [stdout] error[E0599]: no variant or associated item named `Press` found for enum `piston_window::Input` in the current scope
[INFO] [stdout]   --> src/main.rs:47:20
[INFO] [stdout]    |
[INFO] [stdout] 47 |             Input::Press(b) => {
[INFO] [stdout]    |                    ^^^^^ variant or associated item not found in `piston_window::Input`
[INFO] [stdout] 
[INFO] [stdout] 
[INFO] [stdout] error[E0599]: no variant or associated item named `Release` found for enum `piston_window::Input` in the current scope
[INFO] [stdout]   --> src/main.rs:56:20
[INFO] [stdout]    |
[INFO] [stdout] 56 |             Input::Release(b) => {
[INFO] [stdout]    |                    ^^^^^^^ variant or associated item not found in `piston_window::Input`
[INFO] [stdout] 
[INFO] [stdout] 
[INFO] [stdout] error[E0609]: no field `event` on type `piston_window::Event`
[INFO] [stdout]   --> src/main.rs:80:17
[INFO] [stdout]    |
[INFO] [stdout] 80 |         match e.event {
[INFO] [stdout]    |                 ^^^^^
[INFO] [stdout] 
[INFO] [stdout] 
[INFO] [stdout] error[E0609]: no field `event` on type `piston_window::Event`
[INFO] [stdout]   --> src/main.rs:80:17
[INFO] [stdout]    |
[INFO] [stdout] 80 |         match e.event {
[INFO] [stdout]    |                 ^^^^^
[INFO] [stdout] 
[INFO] [stdout] 
[INFO] [stdout] error[E0599]: no variant or associated item named `Update` found for enum `piston_window::Event` in the current scope
[INFO] [stdout]   --> src/main.rs:81:25
[INFO] [stdout]    |
[INFO] [stdout] 81 |             Some(Event::Update(upd)) => {
[INFO] [stdout]    |                         ^^^^^^ variant or associated item not found in `piston_window::Event`
[INFO] [stdout] 
[INFO] [stdout] 
[INFO] [stdout] error[E0599]: no variant or associated item named `Render` found for enum `piston_window::Event` in the current scope
[INFO] [stdout]   --> src/main.rs:84:25
[INFO] [stdout]    |
[INFO] [stdout] 84 |             Some(Event::Render(ren)) => {
[INFO] [stdout]    |                         ^^^^^^ variant or associated item not found in `piston_window::Event`
[INFO] [stdout] 
[INFO] [stdout] 
[INFO] [stdout] error[E0023]: this pattern has 1 field, but the corresponding tuple variant has 2 fields
[INFO] [stdout]    --> src/main.rs:87:18
[INFO] [stdout]     |
[INFO] [stdout] 87  |             Some(Event::Input(inp)) => {
[INFO] [stdout]     |                  ^^^^^^^^^^^^^^^^^ expected 2 fields, found 1
[INFO] [stdout]     | 
[INFO] [stdout]    ::: /opt/rustwide/cargo-home/registry/src/github.com-1ecc6299db9ec823/pistoncore-input-1.0.0/src/lib.rs:168:5
[INFO] [stdout]     |
[INFO] [stdout] 168 |     Input(Input, Option<TimeStamp>),
[INFO] [stdout]     |     ------------------------------- tuple variant defined here
[INFO] [stdout] 
[INFO] [stdout] 
[INFO] [stdout] error[E0599]: no variant or associated item named `Update` found for enum `piston_window::Event` in the current scope
[INFO] [stdout]   --> src/main.rs:81:25
[INFO] [stdout]    |
[INFO] [stdout] 81 |             Some(Event::Update(upd)) => {
[INFO] [stdout]    |                         ^^^^^^ variant or associated item not found in `piston_window::Event`
[INFO] [stdout] 
[INFO] [stdout] 
[INFO] [stdout] error[E0599]: no variant or associated item named `Render` found for enum `piston_window::Event` in the current scope
[INFO] [stdout]   --> src/main.rs:84:25
[INFO] [stdout]    |
[INFO] [stdout] 84 |             Some(Event::Render(ren)) => {
[INFO] [stdout]    |                         ^^^^^^ variant or associated item not found in `piston_window::Event`
[INFO] [stdout] 
[INFO] [stdout] 
[INFO] [stdout] error[E0023]: this pattern has 1 field, but the corresponding tuple variant has 2 fields
[INFO] [stdout]    --> src/main.rs:87:18
[INFO] [stdout]     |
[INFO] [stdout] 87  |             Some(Event::Input(inp)) => {
[INFO] [stdout]     |                  ^^^^^^^^^^^^^^^^^ expected 2 fields, found 1
[INFO] [stdout]     | 
[INFO] [stdout]    ::: /opt/rustwide/cargo-home/registry/src/github.com-1ecc6299db9ec823/pistoncore-input-1.0.0/src/lib.rs:168:5
[INFO] [stdout]     |
[INFO] [stdout] 168 |     Input(Input, Option<TimeStamp>),
[INFO] [stdout]     |     ------------------------------- tuple variant defined here
[INFO] [stdout] 
[INFO] [stdout] 
[INFO] [stdout] error[E0308]: mismatched types
[INFO] [stdout]   --> src/main.rs:85:34
[INFO] [stdout]    |
[INFO] [stdout] 85 |                 game.render(ren, e);
[INFO] [stdout]    |                                  ^ expected struct `piston_window::PistonWindow`, found enum `piston_window::Event`
[INFO] [stdout]    |
[INFO] [stdout]    = note: expected struct `piston_window::PistonWindow`
[INFO] [stdout]                 found enum `piston_window::Event`
[INFO] [stdout] 
[INFO] [stdout] 
[INFO] [stdout] error[E0308]: mismatched types
[INFO] [stdout]   --> src/main.rs:85:34
[INFO] [stdout]    |
[INFO] [stdout] 85 |                 game.render(ren, e);
[INFO] [stdout]    |                                  ^ expected struct `piston_window::PistonWindow`, found enum `piston_window::Event`
[INFO] [stdout]    |
[INFO] [stdout]    = note: expected struct `piston_window::PistonWindow`
[INFO] [stdout]                 found enum `piston_window::Event`
[INFO] [stdout] 
[INFO] [stdout] 
[INFO] [stdout] error: aborting due to 10 previous errors
[INFO] [stdout] 
[INFO] [stdout] 
[INFO] [stdout] Some errors have detailed explanations: E0023, E0061, E0308, E0599, E0609.
[INFO] [stdout] 
[INFO] [stdout] error: aborting due to 10 previous errors
[INFO] [stdout] 
[INFO] [stdout] 
[INFO] [stdout] Some errors have detailed explanations: E0023, E0061, E0308, E0599, E0609.
[INFO] [stdout] 
[INFO] [stdout] For more information about an error, try `rustc --explain E0023`.
[INFO] [stdout] 
[INFO] [stdout] For more information about an error, try `rustc --explain E0023`.
[INFO] [stdout] 
[INFO] [stderr] error: could not compile `asdf`.
[INFO] [stderr] 
[INFO] [stderr] To learn more, run the command again with --verbose.
[INFO] [stderr] warning: build failed, waiting for other jobs to finish...
[INFO] [stderr] error: build failed
[INFO] running `Command { std: "docker" "inspect" "081d6b0929e8488bde3d4f9f3f3c72b41641263d65803e2f56087cdae3bbed5a", kill_on_drop: false }`
[INFO] running `Command { std: "docker" "rm" "-f" "081d6b0929e8488bde3d4f9f3f3c72b41641263d65803e2f56087cdae3bbed5a", kill_on_drop: false }`
[INFO] [stdout] 081d6b0929e8488bde3d4f9f3f3c72b41641263d65803e2f56087cdae3bbed5a
